 factors of 3888.
2, 3
What are the prime factors of 128808?
2, 3, 1789
List the prime factors of 15669.
3, 1741
List the prime factors of 51069.
3, 29, 587
What are the prime factors of 4129?
4129
List the prime factors of 5346.
2, 3, 11
What are the prime factors of 79255?
5, 11, 131
What are the prime factors of 4375?
5, 7
What are the prime factors of 37447?
37447
What are the prime factors of 2246?
2, 1123
List the prime factors of 3944.
2, 17, 29
What are the prime factors of 674?
2, 337
What are the prime factors of 9078?
2, 3, 17, 89
What are the prime factors of 73937?
107, 691
What are the prime factors of 1081?
23, 47
What are the prime factors of 3011?
3011
List the prime factors of 55672.
2, 6959
List the prime factors of 708.
2, 3, 59
What are the prime factors of 5718?
2, 3, 953
List the prime factors of 38487.
3, 12829
What are the prime factors of 9920?
2, 5, 31
What are the prime factors of 36268?
2, 9067
What are the prime factors of 14916?
2, 3, 11, 113
List the prime factors of 3639.
3, 1213
List the prime factors of 5988.
2, 3, 499
List the prime factors of 59529.
3, 19843
What are the prime factors of 3847?
3847
List the prime factors of 1186.
2, 593
What are the prime factors of 20464?
2, 1279
List the prime factors of 93145.
5, 13, 1433
List the prime factors of 1357.
23, 59
What are the prime factors of 74120?
2, 5, 17, 109
List the prime factors of 6249.
3, 2083
List the prime factors of 1680.
2, 3, 5, 7
What are the prime factors of 55167?
3, 7, 37, 71
What are the prime factors of 21488?
2, 17, 79
What are the prime factors of 16118?
2, 8059
List the prime factors of 4949.
7, 101
What are the prime factors of 58?
2, 29
List the prime factors of 12029.
23, 523
List the prime factors of 13607.
11, 1237
List the prime factors of 407.
11, 37
List the prime factors of 403.
13, 31
List the prime factors of 28768.
2, 29, 31
List the prime factors of 15226.
2, 23, 331
What are the prime factors of 782?
2, 17, 23
What are the prime factors of 6631?
19, 349
What are the prime factors of 567?
3, 7
List the prime factors of 798.
2, 3, 7, 19
What are the prime factors of 3326?
2, 1663
What are the prime factors of 56421?
3, 6269
What are the prime factors of 11435?
5, 2287
List the prime factors of 18395.
5, 13, 283
List the prime factors of 2408.
2, 7, 43
What are the prime factors of 84219?
3, 67, 419
List the prime factors of 988.
2, 13, 19
What are the prime factors of 2380?
2, 5, 7, 17
List the prime factors of 7473.
3, 47, 53
What are the prime factors of 22987?
127, 181
List the prime factors of 60467.
11, 23, 239
List the prime factors of 107681.
7, 15383
What are the prime factors of 270?
2, 3, 5
List the prime factors of 1492.
2, 373
What are the prime factors of 1274?
2, 7, 13
List the prime factors of 42487.
42487
What are the prime factors of 11518?
2, 13, 443
What are the prime factors of 896?
2, 7
What are the prime factors of 282?
2, 3, 47
What are the prime factors of 2733?
3, 911
What are the prime factors of 53532?
2, 3, 1487
What are the prime factors of 1128?
2, 3, 47
List the prime factors of 1346.
2, 673
List the prime factors of 24148.
2, 6037
List the prime factors of 48785.
5, 11, 887
List the prime factors of 10350.
2, 3, 5, 23
What are the prime factors of 7091?
7, 1013
List the prime factors of 3799.
29, 131
What are the prime factors of 89001?
3, 11, 29, 31
List the prime factors of 14582.
2, 23, 317
List the prime factors of 2616.
2, 3, 109
What are the prime factors of 107?
107
What are the prime factors of 17707?
17707
What are the prime factors of 6365?
5, 19, 67
What are the prime factors of 6654?
2, 3, 1109
What are the prime factors of 719?
719
List the prime factors of 7749.
3, 7, 41
List the prime factors of 62497.
62497
List the prime factors of 78992.
2, 4937
What are the prime factors of 45104?
2, 2819
What are the prime factors of 30777?
3, 10259
What are the prime factors of 164?
2, 41
List the prime factors of 3866.
2, 1933
List the prime factors of 2403.
3, 89
List the prime factors of 9505.
5, 1901
What are the prime factors of 32742?
2, 3, 17, 107
What are the prime factors of 70148?
2, 13, 19, 71
List the prime factors of 81606.
2, 3, 7, 29, 67
What are the prime factors of 25198?
2, 43, 293
List the prime factors of 2611.
7, 373
What are the prime factors of 154?
2, 7, 11
List the prime factors of 9119.
11, 829
List the prime factors of 1068.
2, 3, 89
What are the prime factors of 47487?
3, 11, 1439
List the prime factors of 16265.
5, 3253
List the prime factors of 8392.
2, 1049
What are the prime factors of 515?
5, 103
What are the prime factors of 2923?
37, 79
List the prime factors of 132613.
13, 101
List the prime factors of 8985.
3, 5, 599
List the prime factors of 451.
11, 41
What are the prime factors of 33370?
2, 5, 47, 71
What are the prime factors of 17625?
3, 5, 47
List the prime factors of 5520.
2, 3, 5, 23
List the prime factors of 23152.
2, 1447
List the prime factors of 526.
2, 263
What are the prime factors of 911?
911
List the prime factors of 298.
2, 149
List the prime factors of 50.
2, 5
List the prime factors of 102889.
31, 3319
What are the prime factors of 736?
2, 23
List the prime factors of 20328.
2, 3, 7, 11
What are the prime factors of 3049?
3049
What are the prime factors of 21725?
5, 11, 79
List the prime factors of 10185.
3, 5, 7, 97
What are the prime factors of 107?
107
What are the prime factors of 220?
2, 5, 11
List the prime factors of 3373.
3373
What are the prime factors of 4627?
7, 661
What are the prime factors of 6382?
2, 3191
What are the prime factors of 513?
3, 19
List the prime factors of 788.
2, 197
List the prime factors of 3108.
2, 3, 7, 37
What are the prime factors of 603?
3, 67
What are the prime factors of 1829?
31, 59
List the prime factors of 2538.
2, 3, 47
List the prime factors of 29788.
2, 11, 677
List the prime factors of 20322.
2, 3, 1129
What are the prime factors of 8273?
8273
List the prime factors of 1028.
2, 257
List the prime factors of 7264.
2, 227
List the prime factors of 9461.
9461
What are the prime factors of 3061?
3061
List the prime factors of 15629.
15629
List the prime factors of 726.
2, 3, 11
What are the prime factors of 2201?
31, 71
What are the prime factors of 199?
199
List the prime factors of 5334.
2, 3, 7, 127
What are the prime factors of 90943?
199, 457
What are the prime factors of 9942?
2, 3, 1657
List the prime factors of 31390.
2, 5, 43, 73
List the prime factors of 5481.
3, 7, 29
What are the prime factors of 1289?
1289
List the prime factors of 14521.
13, 1117
List the prime factors of 56526.
2, 3, 9421
What are the prime factors of 4872?
2, 3, 7, 29
What are the prime factors of 2737?
7, 17, 23
What are the prime factors of 5734?
2, 47, 61
List the prime factors of 4359.
3, 1453
What are the prime factors of 6886?
2, 11, 313
List the prime factors of 3263.
13, 251
List the prime factors of 1084.
2, 271
What are the prime factors of 14772?
2, 3, 1231
List the prime factors of 49.
7
What are the prime factors of 3901?
47, 83
List the prime factors of 2210.
2, 5, 13, 17
What are the prime factors of 141850?
2, 5, 2837
List the prime factors of 17416.
2, 7, 311
List the prime factors of 11086.
2, 23, 241
What are the prime factors of 6209?
7, 887
List the prime factors of 591.
3, 197
List the prime factors of 405.
3, 5
List the prime factors of 18726.
2, 3, 3121
List the prime factors of 39804.
2, 3, 31, 107
What are the prime factors of 31179?
3, 19, 547
What are the prime factors of 89472?
2, 3, 233
What are the prime factors of 26394?
2, 3, 53, 83
List the prime factors of 1494.
2, 3, 83
What are the prime factors of 11576?
2, 1447
What are the prime factors of 2011?
2011
List the prime factors of 14070.
2, 3, 5, 7, 67
What are the prime factors of 1381?
1381
List the prime factors of 161.
7, 23
What are the prime factors of 1492?
2, 373
What are the prime factors of 82961?
23, 3607
List the prime factors of 1376.
2, 43
List the prime factors of 10964.
2, 2741
What are the prime factors of 33718?
2, 23, 733
What are the prime factors of 1754?
2, 877
What are the prime factors of 582?
2, 3, 97
List the prime factors of 6518.
2, 3259
List the prime factors of 1771.
7, 11, 23
List the pri